-r**2 + 5*r + 4. Suppose 9*k - 30 = 4*k - 5*m, 0 = 2*k + m - 10. Suppose 2*d + 5 = k*a - 21, -a - 2*d = 1. Determine y(a).
4
Suppose 0*o - 4*o = -16. Let k = -8 + o. Let q(x) = 6*x + 4*x - 1 - 8*x. Give q(k).
-9
Let p(d) = 2*d**3 + 4*d**2 + 2*d + 3. Let u(l) = l**3 - 23*l**2 + 2*l - 49. Let j be u(23). Calculate p(j).
-21
Let z(t) = t**2 + 4*t - 4. Suppose -n = -5*d + 7, n + 3 - 5 = 2*d. Suppose -5*m = -n*m - 18. What is z(m)?
8
Let m(h) = -h + 2*h - 8*h + 2*h. Let n be m(1). Let x(f) = -f + 5. Give x(n).
10
Let w(u) = -u**2 - u + 3. Let l(o) = 7*o - 15. Let q be l(7). Suppose 5*v = -3*i - q, 0*i = -i + 3*v + 12. Give w(i).
-3
Let z(r) = -3*r**2 + 10*r - 9*r + 0 + 1. Give z(-1).
-3
Let w(k) be the first derivative of k**3/3 - 9*k + 5. Give w(0).
-9
Suppose -3*i = 2*l + 1 + 6, -2*l - 2*i = 2. Let y(p) = -10*p + 11. Let b(d) = -d + 1. Let r(m) = -22*b(m) + 2*y(m). Determine r(l).
8
Let a(x) = 147*x - 289*x + 143*x. Give a(0).
0
Let z(m) = 0*m**3 + 3*m + m**3 - 5*m**2 - 7 + 0*m**3. Suppose -y - 45 = -15. Let n be y/(-9)*3/2. Give z(n).
8
Suppose -2*v + 4*m = 2, -2*v - 5*m = 2*v - 48. Let q(a) = -3*a + 7 - a - 1 + v*a. Determine q(-4).
-6
Let l(y) = -2*y**2 - 4. Let v(h) = 3*h**2 - h + 3. Let j(m) = 4*l(m) + 3*v(m). Determine j(6).
11
Let s(c) be the third derivative of -c**4/12 + 2*c**3/3 - 8*c**2. Determine s(5).
-6
Let v(g) = g**2 - 13*g + 12. Let i(r) = r - 1. Let p(h) = -6*i(h) - v(h). Give p(6).
0
Let y(c) be the first derivative of -c**2 - 4 - 4*c - 1/20*c**5 + 1/4*c**4 - 1/6*c**3. Let b(a) be the first derivative of y(a). Calculate b(2).
0
Let w(a) = 2*a - 9 - 2*a + 6 - a**2 - a. Let d = 0 - 0. Calculate w(d).
-3
Let x(l) = -3*l - 3. Let w be 21/(-6) - (-2)/(-4). Let j = w + 0. Calculate x(j).
9
Let c(y) = y**3 + 5*y**2 + 4*y + 1. Let s be (-2)/3*(-2 - -8). Give c(s).
1
Let d(j) = j**2 - 17*j + 18. Let y be d(16). Let m(s) = s**3 - 2*s**2 - 3*s + 3. Give m(y).
-3
Let s(n) = -n**2 - 6*n + 3. Let t(b) = -b**3 - 6*b**2 - 6*b - 9. Let c be t(-6). Suppose 3*y = 9 - c. Determine s(y).
3
Let v be (-3)/2*16/(-12). Suppose 0 = 6*h - v*h, -4*j = 3*h + 12. Let d(i) be the third derivative of -i**4/12 - 2*i**3/3 - 17*i**2. Give d(j).
2
Let d = -18 + 23. Let c(y) = 2*y**2 - 7*y + 3. Determine c(d).
18
Let f = -9 - -5. Let g(d) = 7*d**3 + 4*d**2 - 2*d - 12. Let x(m) = -6*m**3 - 4*m**2 + 2*m + 11. Let y(i) = 5*g(i) + 6*x(i). What is y(f)?
-2
Let b(l) be the second derivative of -l**4/12 - 4*l**3/3 - 9*l**2/2 - l. Suppose 0 = 3*y - 2*a + 22, -7 = -4*a + 1. What is b(y)?
3
Let o = -12 - -7. Let s(l) = -3*l**2 + 7*l. Let m(a) = -a**2. Let q(p) = 4*m(p) - s(p). Determine q(o).
10
Let x(y) = y**3 - 5*y**2 - 4*y - 8. Let b(k) = k - 4. Let m be b(9). Suppose m*o + 17 = 2*z, 4*z - 25 = -o + 2*o. Give x(z).
4
Suppose -j = -f - 0*f + 7, 12 = f - 2*j. Suppose -10 = 4*x + f. Let b(r) be the third derivative of -r**4/12 + r**2. Calculate b(x).
6
Let r(d) = 2*d. Let g = -8 + 6. Let o(w) = w**2 + w + 2. Let m be o(g). Give r(m).
8
Let i(f) = f**3 + f**2 - f - 2. Let r = 47 - 47. Calculate i(r).
-2
Let q(r) be the first derivative of -2*r**3/3 - r - 5. Let n be q(-1). Let a(o) = -3*o + 0*o + 1 + 4*o. Determine a(n).
-2
Let c = -3 + 9. Let i(j) = -j + c - 6. Let s = -8 + 5. What is i(s)?
3
Let z(q) = 2*q**2 + q - 2. Let h be 20/(-8)*2*-1. Let o = h - 7. Determine z(o).
4
Let j(h) = -h - 3. Let g be j(-3). Suppose 3*y = 3*c - 3, -1 = -g*c - 2*c + y. Let o(k) = -k**2 + k + 7. Calculate o(c).
7
Suppose -2*x - 18 = -5*x. Let k(p) be the first derivative of -1/2*p**2 + 8*p - 1. Give k(x).
2
Let b(t) = -t**2 + 6*t + 6. Suppose -g - 5 = -0. Let q(a) = a + 11. Let v be q(g). Determine b(v).
6
Let w(k) = -2*k - 12. Let a be w(-7). Let r(u) = -u + 1. Give r(a).
-1
Let l be (-104)/32 + 6/(-8). Let j(c) = -3*c**2 - 19*c + 5. Let m(p) = 2*p**2 + 13*p - 3. Let t be 158/22 + 2/(-11). Let k(d) = t*m(d) + 5*j(d). Determine k(l).
4
Let x(c) be the third derivative of -c**4/24 - c**3/2 - 9*c**2. Calculate x(-3).
0
Let b(c) = c + 1. Suppose 20 = 3*r + r. Suppose -2*g - 14 = r*h, 0*h + g + 17 = -5*h. Give b(h).
-3
Let s(h) = -h**3 + 5*h**2 - 6*h + 12. Let a(f) = -f**3 + 5*f**2 - 5*f + 11. Let l(q) = 5*a(q) - 4*s(q). Give l(5).
2
Let d(c) = -2 - 1 + 3*c - 4 - c. Let j be d(4). Let z(p) = -2*p**2 - 1. Determine z(j).
-3
Let q be 411/15 - (-3)/5. Let m(p) = -28*p**2 + p + q*p**2 + 5*p**3 + 1. Determine m(-1).
-5
Let w(u) be the first derivative of -u**2/2 - 2*u - 6. Give w(-3).
1
Let d(a) = -8*a - 13. Let t(j) = j + 1. Let s(m) = -d(m) - 6*t(m). Suppose 1 + 5 = 3*g. Suppose g = 3*r + 17. Give s(r).
-3
Suppose -2*q = -6*q. Let p be 2/4*q/3. Suppose p = -4*d + 5*d + 2. Let c(f) = -f. Calculate c(d).
2
Let g(k) be the first derivative of -k**2/2 - 6*k - 16. Suppose -8*d + 3*d - 10 = 0. Let j be 0 + 1 + d + 1. Calculate g(j).
-6
Suppose -2 + 4 = x. Let q(t) = -4*t**2 - 6*t + t**2 - 3*t**2 + 3 + 3*t**x + t**3. Give q(4).
-5
Let g(c) be the first derivative of -c**4/4 - 4*c**3/3 + 3*c**2 - 2*c - 1. Let s = -41 + 36. Determine g(s).
-7
Let j(f) be the first derivative of -f**3/3 - 5*f**2/2 + 9*f - 16. What is j(-7)?
-5
Let f be (2/(-9))/((-60)/270). Let o(l) = 5*l**3 + 1 + 0*l**2 - l + 0*l**2. Determine o(f).
5
Let z(d) be the third derivative of 0*d + 6*d**2 - 1/10*d**5 + 1/120*d**6 + 7/6*d**3 + 0 - 1/3*d**4. Give z(7).
0
Let z(i) = -3 - 2*i + 4 + 5. What is z(4)?
-2
Let f = 9 - 7. Let s(r) = r**3 - 4*r**2 + 2*r - 2. What is s(f)?
-6
Let t(m) be the second derivative of m**5/20 - m**4/3 - m**3 + 3*m**2/2 + 19*m. Give t(5).
-2
Let w(s) = -3*s + 3. Let i(f) = f + 0 + 0*f - 2 + 2*f. Let b be i(4). Let h = -7 + b. What is w(h)?
-6
Suppose -j + n = 7, -3*j = j - 2*n + 22. Let u(g) be the second derivative of g**4/12 + g**3 + 2*g**2 + 3*g. Determine u(j).
-4
Let t(q) = q**3 + q**2 - 1. Let v be t(-2). Let s(z) = -z**3 - 4*z**2 + 5*z - 5. What is s(v)?
-5
Let s(c) be the first derivative of -3/2*c**2 + 1/4*c**4 - 1 - 2/3*c**3 - 3*c. What is s(3)?
-3
Let t(z) = -1 + 6*z**2 + 0 + z + z**2. Calculate t(1).
7
Let x = 1 - -1. Let i(h) = -h - x - 1 - h - 1. Determine i(-4).
4
Let n(l) be the third derivative of l**5/60 + l**4/24 + l**3/2 + 8*l**2. What is n(-3)?
9
Let x(h) = h**2 - h + 0*h**2 + 2*h**2. Let p be (-4)/1 - (-4 - -2). Let c = p + 1. What is x(c)?
4
Let b(k) = k**2 + 2*k + 3. Let t(r) = r**3 + 10*r**2 - 11*r - 2. Let u(c) = c**2 - c - 11. Let z be u(0). Let w be t(z). What is b(w)?
3
Let c(p) = 3*p**3 + 8*p**2 - 2*p + 7. Let g(b) = 4*b**3 + 9*b**2 - 2*b + 8. Let d(z) = z + 13. Let s be d(-8). Let k(r) = s*c(r) - 4*g(r). Calculate k(2).
7
Let g(b) = -5*b**3 + 6*b**2 - b + 2. Let h(q) = -6*q**3 + 7*q**2 - 2*q + 2. Let w(m) = -5*g(m) + 4*h(m). Determine w(4).
18
Let u(a) = -a**3 + 7*a**2 - 6*a + 5. Let f(l) = 7*l**2 - 3*l + 2. Let m be f(1). Determine u(m).
5
Let c(r) = -r. Let g(n) = -6*n - 4. Let t(m) = -c(m) + g(m). Calculate t(-4).
16
Let t = 3 + -1. Suppose 0 = 2*a + a + t*y - 6, -5*a + 10 = 5*y. Suppose -a*k + 2 = -b, 3*b + 8 - 1 = 5*k. Let c(q) = -4*q**3 + 2*q + 1. Determine c(k).
3
Let s(n) = 0 + n - 2 - 8*n + 6*n. Give s(2).
-4
Let i(d) be the first derivative of d**4/4 + 4*d**3/3 - 2*d**2 + 3*d - 2. Suppose -2 = -3*a - 17. Determine i(a).
-2
Let v = -4 + 4. Let y(f) be the third derivative of -f**5/60 + f**4/24 + f**3/6 - 14*f**2. Calculate y(v).
1
Let j(n) be the first derivative of n**4/4 + 2*n**3 + 7*n**2/2 + 5*n - 27. Give j(-5).
-5
Let v(n) = -113*n - 2*n**2 + 118*n - 5 + n**2 + 8. Suppose -8*q + 30 = -3*q. Determine v(q).
-3
Let h = -101 - -106. Let m(d) = -2*d + 2. Calculate m(h).
-8
Let w(j) = 4*j**2 + j**2 - j + j**3 + 5*j. Suppose 4*b - 8 = 0, b - 14 = 7*a - 3*a. Determine w(a).
6
Let z(h) be the second derivative of -h**3/6 + 3*h**2/2 - 12*h. What is z(3)?
0
Let b(y) be the third derivative of y**8/20160 - y**7/1680 - y**5/60 + 4*y**2. Let t(d) be the third derivative of b(d). Calculate t(3).
0
Suppose -2*c - 1 = -11. Let o(z) = -2*z**3 + 8*z**2 + 15*z + 17. Let r(i) = -i**3 + 4*i**2 + 8*i + 9. Let m(j) = 3*o(j) - 5*r(j). Give m(c).
6
Let k(t) = 0*t**3 - t**2 + 6*t + 1 - 6*t**3 - 7*t. Determine k(1).
-7
Let r(l) = l**3 - 6*l**2 - 5*l + 1. Let c(f) = f**3 - 6*f**2 - 6*f + 2. Let z(a) = 5*c(a) - 6*r(a). Determine z(6).
4
Let d(g) = 6*g + 5. Let k(z) = -5*z - 6. Let w = -8 + 4. Let